{"id":20,"date":"2023-08-08T16:19:56","date_gmt":"2023-08-08T14:19:56","guid":{"rendered":"https:\/\/www.ampasanisidro.com\/?page_id=20"},"modified":"2025-12-08T11:43:14","modified_gmt":"2025-12-08T10:43:14","slug":"recursos","status":"publish","type":"page","link":"https:\/\/www.ampasanisidro.com\/index.php\/como-nos-organizamos-informacion-para-los-socios\/recursos\/","title":{"rendered":"Recursos"},"content":{"rendered":"\n<p>En esta secci\u00f3n colgaremos documentaci\u00f3n que consideramos que es de inter\u00e9s general para todos vosotros.<\/p>\n\n\n\n<h4 class=\"wp-block-heading\">ESTATUTOS ASOCIACI\u00d3N<\/h4>\n\n\n\n<p>\u00bfConoces cuales son los Estatutos de la Asociaci\u00f3n de Familias del IES San Isidro? Puedes consultarlo a trav\u00e9s de este <a aria-label=\"enlace (abre en una nueva pesta\u00f1a)\" href=\"https:\/\/drive.google.com\/file\/d\/1VEFxbUcHPS-gNfHfbM4hwMr8khLQ6CVS\/view?usp=sharing\" target=\"_blank\" rel=\"noreferrer noopener\"><strong>enlace<\/strong><\/a>.<\/p>\n\n\n\n<h3 class=\"wp-block-heading\">Enlaces de inter\u00e9s<\/h3>\n\n\n\n<ul class=\"wp-block-list\">\n<li><a href=\"https:\/\/www.educa2.madrid.org\/web\/calendario-escolar-de-la-comunidad-de-madrid\/calendario-escolar-25-26\">Calendario escolar curso 2025-2026<\/a><\/li>\n\n\n\n<li><a rel=\"noreferrer noopener\" aria-label=\" (abre en una nueva pesta\u00f1a)\" href=\"https:\/\/www.educa2.madrid.org\/web\/centro.ies.sanisidro.madrid\/inicio\" target=\"_blank\">I.E.S. San Isidro (Madrid)<\/a><\/li>\n\n\n\n<li><strong>Fapa Giner de los R\u00edos:<\/strong>\n<ul class=\"wp-block-list\">\n<li><a aria-label=\" (abre en una nueva pesta\u00f1a)\" href=\"https:\/\/www.facebook.com\/fapaAgzCtr\/\"><\/a><a rel=\"noreferrer noopener\" aria-label=\" (abre en una nueva pesta\u00f1a)\" href=\"https:\/\/www.facebook.com\/fapaAgzCtr\/\" target=\"_blank\">https:\/\/www.facebook.com\/fapaAgzCtr\/<\/a><\/li>\n\n\n\n<li><a aria-label=\" (abre en una nueva pesta\u00f1a)\" href=\"https:\/\/www.fapaginerdelosrios.org\"><\/a><a rel=\"noreferrer noopener\" aria-label=\" (abre en una nueva pesta\u00f1a)\" href=\"https:\/\/www.fapaginerdelosrios.org\" target=\"_blank\">https:\/\/www.fapaginerdelosrios.org<\/a><\/li>\n<\/ul>\n<\/li>\n\n\n\n<li><a rel=\"noreferrer noopener\" aria-label=\" (abre en una nueva pesta\u00f1a)\" href=\"http:\/\/www.madridsalud.es\/serviciopad\/\" target=\"_blank\">SERVICIO DE&nbsp;PREVENCI\u00d3N Y TRATAMIENTO&nbsp;DE ADICCIONES DE MADRID<\/a><\/li>\n\n\n\n<li><a rel=\"noreferrer noopener\" aria-label=\" (abre en una nueva pesta\u00f1a)\" href=\"https:\/\/yonolvido.com\" target=\"_blank\">https:\/\/yonolvido.com<\/a><\/li>\n\n\n\n<li><a aria-label=\"Somos M\u00e1s contra el odio y el racismo (abre en una nueva pesta\u00f1a)\" href=\"http:\/\/www.somos-mas.es\" target=\"_blank\" rel=\"noreferrer noopener\">Somos M\u00e1s contra el odio y el racismo<\/a>.<\/li>\n<\/ul>\n\n\n\n<h3 class=\"wp-block-heading\">Recursos del centro<\/h3>\n\n\n\n<h4 class=\"wp-block-heading\">Justificante de ausencia<\/h4>\n\n\n\n<p>Este es el modelo de justificante de ausencia oficial que nos han repartido los tutores. Permite justificar, a priori, ausencias previstas, as\u00ed como a posteriori las imprevistas.<\/p>\n\n\n\n<p><a href=\"https:\/\/drive.google.com\/open?id=1IW2KZmW7BpiciZyfH9fcxhhhV-5m2XR4\" target=\"_blank\" rel=\"noreferrer noopener\" aria-label=\"Modelo de justificante de ausencia de los alumnos. (abre en una nueva pesta\u00f1a)\">Modelo de justificante de ausencia de los alumnos.<\/a><\/p>\n\n\n\n<h4 class=\"wp-block-heading\">Programa Accede<\/h4>\n\n\n\n<p>Esta es la <a aria-label=\"Normativa del Programa ACCEDE para el curso 2019-2020 (abre en una nueva pesta\u00f1a)\" href=\"https:\/\/drive.google.com\/open?id=1K9W2DuiV3g0gajLkp_Z9JRRJgf0ffHkD\" target=\"_blank\" rel=\"noreferrer noopener\">Normativa del Programa ACCEDE<\/a>.<\/p>\n\n\n\n<h4 class=\"wp-block-heading\">Programa Roble<\/h4>\n\n\n\n<p>Aqu\u00ed os dejamos estas presentaciones para que las familias del Instituto puedan conocer c\u00f3mo funciona ROBLE, el programa de comunicaci\u00f3n entre el centro y las familias.&nbsp;<\/p>\n\n\n\n<ul class=\"wp-block-list\">\n<li><a rel=\"noreferrer noopener\" aria-label=\"Presentaci\u00f3n Roble_Web (abre en una nueva pesta\u00f1a)\" href=\"https:\/\/drive.google.com\/open?id=1UEmmcJDvSTSi_OW1QPcoyIA4jIYpv_mB\" target=\"_blank\">Presentaci\u00f3n Roble_Web<\/a>.<\/li>\n\n\n\n<li><a rel=\"noreferrer noopener\" aria-label=\"Presentaci\u00f3n Roble_App (abre en una nueva pesta\u00f1a)\" href=\"https:\/\/drive.google.com\/open?id=1YC2B1DDuljnuXec1ygkhkngfuFOHcu_v\" target=\"_blank\">Presentaci\u00f3n Roble_App<\/a>.<\/li>\n<\/ul>\n\n\n\n<h3 class=\"wp-block-heading\">Protocolo de uso del M\u00f3vil para alumnos<\/h3>\n\n\n\n<p>Tal y como establece la normativa de la Comunidad de Madrid y el Proyecto Educativo del Centro, y en concordancia con el acuerdo adoptado por el Consejo Escolar, <strong>queda terminantemente prohibido que el alumnado haga uso o tenga encendidos tel\u00e9fonos m\u00f3viles u otros dispositivos electr\u00f3nicos en el instituto<\/strong>.<br>El uso de estos aparatos en horario escolar interfiere en el desarrollo de las clases, supone una distracci\u00f3n importante, provoca falta de atenci\u00f3n y, en algunos casos, conlleva riesgos para la privacidad y la convivencia entre los propios estudiantes.<br>Por tanto, desde el instituto piden encarecidamente que las familias se impliquen para que el alumnado cumpla esta norma y, solo en casos muy excepcionales, acudan al centro con tel\u00e9fonos m\u00f3viles u otros dispositivos electr\u00f3nicos. En caso de que un alumno o alumna sea sorprendido con uno de estos aparatos encendido o en uso, se aplicar\u00e1n las medidas disciplinarias establecidas, que pueden incluir la retirada inmediata del dispositivo y su devoluci\u00f3n \u00fanicamente a la familia. Les adjuntamos un documento explicativo de la pol\u00edtica del centro sobre tel\u00e9fonos m\u00f3viles.<br>Esta medida tiene como objetivo preservar un clima de respeto, concentraci\u00f3n y seguridad para todos los miembros de la comunidad educativa.<\/p>\n\n\n\n<h3 class=\"wp-block-heading\">Recursos educativos<\/h3>\n\n\n\n<h4 class=\"wp-block-heading\">Manual de usuario de MAX<\/h4>\n\n\n\n<p>\u00bfTienes un equipo con el sistema operativo MAX y no sabes sacarle todo su potencial? <\/p>\n\n\n\n<p>Accede al <a href=\"https:\/\/formacion.educa.madrid.org\/course\/view.php?id=60\" target=\"_blank\" rel=\"noreferrer noopener\"><strong>Creaci\u00f3n de contenidos did\u00e1cticos con MAX<\/strong><\/a> para aprender a sacar partido a tu equipo con MAX.<\/p>\n\n\n\n<h4 class=\"wp-block-heading\">Orientaci\u00f3n profesional<\/h4>\n\n\n\n<ul class=\"wp-block-list\">\n<li>El centro ha adquirido la herramienta <a href=\"http:\/\/www.orientaline.es\/?yafxb=38340\"><strong>orientaline<\/strong><\/a>. Se trata de una herramienta online de ayuda para las familias y el alumnado para la orientaci\u00f3n profesional.<\/li>\n\n\n\n<li><a rel=\"noreferrer noopener\" href=\"http:\/\/orientaratuhijo.com\/\" target=\"_blank\"><strong>\u00bfC\u00f3mo orientar profesionalmente a tu hijo? Manual pr\u00e1ctico para padres?<\/strong>&nbsp;<\/a>(+&nbsp;<a rel=\"noreferrer noopener\" href=\"https:\/\/www.fundacionbertelsmann.org\/fileadmin\/files\/Fundacion\/Publicaciones\/guia_padres2_web.pdf\" target=\"_blank\">gu\u00eda&nbsp;<\/a>en pdf)&nbsp;Fundaci\u00f3n Bertelsmann y Universidad Pontificia de Comillas (Barcelona)<\/li>\n<\/ul>\n\n\n\n<h4 class=\"wp-block-heading\">BACKUP. Una serie de investigaci\u00f3n sobre delitos digitales<\/h4>\n\n\n\n<p>Serie de investigaci\u00f3n del Laboratorio de RTVE sobre los delitos m\u00e1s comunes en la red. El objetivo no es criminalizar internet, sino ense\u00f1arnos a protegernos de internet. <a rel=\"noreferrer noopener\" aria-label=\"Nota de prensa. (se abre en una nueva pesta\u00f1a)\" href=\"http:\/\/www.rtve.es\/rtve\/20200130\/backup-primera-serie-investigacion-delitos-digitales-video-vertical\/1997822.shtml\" target=\"_blank\"><em>Nota de prensa<\/em>.<\/a><\/p>\n\n\n\n<p><a rel=\"noreferrer noopener\" aria-label=\" (se abre en una nueva pesta\u00f1a)\" href=\"https:\/\/lab.rtve.es\/lab\/backup\/\" target=\"_blank\">https:\/\/lab.rtve.es\/lab\/backup\/<\/a><\/p>\n\n\n\n<ul class=\"wp-block-list\">\n<li>Cap\u00edtulo 1: <a rel=\"noreferrer noopener\" aria-label=\"\u00bfQui\u00e9n tiene tus datos? (se abre en una nueva pesta\u00f1a)\" href=\"https:\/\/lab.rtve.es\/las-claves\/back-up-serie-delitos-digitales-datos-2020-01-20\/\" target=\"_blank\">\u00bfQui\u00e9n tiene tus datos?<\/a><\/li>\n\n\n\n<li>Cap\u00edtulo 2: <a rel=\"noreferrer noopener\" aria-label=\"\u00bfQu\u00e9 hacer frente al acoso a menores en red? (se abre en una nueva pesta\u00f1a)\" href=\"http:\/\/lab.rtve.es\/las-claves\/back-up-grooming-acoso-sexual-menores-2020-02-06\/\" target=\"_blank\">\u00bfQu\u00e9 hacer frente al acoso a menores en red?<\/a><\/li>\n\n\n\n<li>Cap\u00edtulo 3: <a rel=\"noreferrer noopener\" aria-label=\"\u00bfVive tu pr\u00edncipe azul en la red? (se abre en una nueva pesta\u00f1a)\" href=\"http:\/\/lab.rtve.es\/las-claves\/estafador-amor-depredador-online-citas-online-2020-02-13\/\" target=\"_blank\">\u00bfVive tu pr\u00edncipe azul en la red?<\/a><\/li>\n\n\n\n<li>Cap\u00edtulo 4: <a rel=\"noreferrer noopener\" aria-label=\"\u00bfQu\u00e9 hacer si env\u00edas una foto \u00edntima y esa persona la comparte con otras? (se abre en una nueva pesta\u00f1a)\" href=\"http:\/\/lab.rtve.es\/las-claves\/sexting-acoso-sexual-foto-video-erotico-viral-que-hacer-2020-02-20\/\" target=\"_blank\">\u00bfQu\u00e9 hacer si env\u00edas una foto \u00edntima y esa persona la comparte con otras?<\/a><\/li>\n\n\n\n<li>Cap\u00edtulo 5: <a rel=\"noreferrer noopener\" aria-label=\"\u00bfSabes comprar de forma segura en internet? (se abre en una nueva pesta\u00f1a)\" href=\"http:\/\/lab.rtve.es\/las-claves\/backup-comprar-internet-seguro-estafas-ciberestafa-timo-2020-02-27\/\" target=\"_blank\">\u00bfSabes comprar de forma segura en internet?<\/a><\/li>\n\n\n\n<li>Cap\u00edtulo 6: <a rel=\"noreferrer noopener\" aria-label=\"\u00bfEn qu\u00e9 consiste el fraude del CEO? (se abre en una nueva pesta\u00f1a)\" href=\"http:\/\/lab.rtve.es\/las-claves\/evitar-solucionar-fraude-ceo-empresas-2020-03-05\/\" target=\"_blank\">\u00bfEn qu\u00e9 consiste el fraude del CEO?<\/a><\/li>\n\n\n\n<li>Cap\u00edtulo 7: <a href=\"http:\/\/lab.rtve.es\/las-claves\/backup-ataque-ransomware-secuestro-datos-rescate-chantaje-2020-03-12\/\" target=\"_blank\" rel=\"noreferrer noopener\" aria-label=\"\u00bfQu\u00e9 hacer si secuestran tus archivos y bloquean tu dispositivo? (se abre en una nueva pesta\u00f1a)\">\u00bfQu\u00e9 hacer si secuestran tus archivos y bloquean tu dispositivo?<\/a><\/li>\n<\/ul>\n\n\n\n<h3 class=\"wp-block-heading\">Webdoc \u00abSin huella\u00bb<\/h3>\n\n\n\n<p>Aprende a reducir tu huella ecol\u00f3gica. Peque\u00f1os cambios en tus h\u00e1bitos diarios marcan la diferencia.<\/p>\n\n\n\n<p><a href=\"http:\/\/lab.rtve.es\/huella-ecologica\/es\/\">http:\/\/lab.rtve.es\/huella-ecologica\/es\/<\/a><\/p>\n\n\n\n<h3 class=\"wp-block-heading\">Ayuda de mejora de la convivencia para familias<\/h3>\n\n\n\n<ul class=\"wp-block-list\">\n<li>MERAYO, M\u00aa del Mar y Asociaci\u00f3n Vagamundo&nbsp;(2013).&nbsp;<a rel=\"noreferrer noopener\" href=\"https:\/\/www.bienestaryproteccioninfantil.es\/imagenes\/tablaContenidos03SubSec\/Guia%20acoso%20escolar%20CEAPA.pdf\" target=\"_blank\">Acoso escolar. Gu\u00eda para padres y madres<\/a>. CEAPA (Madrid).<\/li>\n\n\n\n<li>Ministerio de Educaci\u00f3n, Cultura y Deporte. (2014).&nbsp;<a rel=\"noreferrer noopener\" href=\"http:\/\/www.mecd.gob.es\/dctm\/cee\/publicaciones\/estudioparticipacion\/estudioparticipacion.pdf?documentId=0901e72b81b45e35\" target=\"_blank\">La participaci\u00f3n de las familias en la educaci\u00f3n escolar<\/a>. (Madrid).<\/li>\n\n\n\n<li><a rel=\"noreferrer noopener\" href=\"http:\/\/revistas.upcomillas.es\/index.php\/padresymaestros\" target=\"_blank\">Revista Padres y Maestros<\/a>&nbsp;editada por la Universidad Pontificia de Comillas (Madrid)<\/li>\n\n\n\n<li>VV.AA. (2000).&nbsp;<a rel=\"noreferrer noopener\" href=\"http:\/\/ficus.pntic.mec.es\/spea0011\/ptsc\/ep2.pdf\" target=\"_blank\">Escuela de Padres.<\/a>&nbsp;\u00c1rea de Servicios Sociales del Ayuntamiento de Madrid e Instituto Madrile\u00f1o de Formaci\u00f3n y Estudios Familiares. (Madrid).<\/li>\n\n\n\n<li><a rel=\"noreferrer noopener\" aria-label=\"El acoso escolar y la prevenci\u00f3n de la violencia desde la familia (se abre en una nueva pesta\u00f1a)\" href=\"http:\/\/www.madrid.org\/bvirtual\/BVCM007081.pdf\" target=\"_blank\">El acoso escolar y la prevenci\u00f3n de la violencia desde la familia<\/a> (reimpresa en 2016) Gu\u00eda elaborada por la Consejer\u00eda de Pol\u00edticas y Familia de la Comunidad de Madrid.<\/li>\n<\/ul>\n\n\n\n<h3 class=\"wp-block-heading\">Ciberseguridad<\/h3>\n\n\n\n<h4 class=\"wp-block-heading\">INCIBE<\/h4>\n\n\n\n<h4 class=\"wp-block-heading\">O17, n\u00famero de ayuda en ciberseguridad<\/h4>\n\n\n\n<p>El <a rel=\"noreferrer noopener\" aria-label=\"Instituto Nacional de Ciberseguridad (se abre en una nueva pesta\u00f1a)\" href=\"https:\/\/www.incibe.es\" target=\"_blank\">Instituto Nacional de Ciberseguridad<\/a> lanza <strong>La L\u00ednea de Ayuda en ciberseguridad<\/strong> disponible en el n\u00famero <a rel=\"noreferrer noopener\" aria-label=\"017, nuevo n\u00famero corto de ayuda en ciberseguridad (se abre en una nueva pesta\u00f1a)\" href=\"https:\/\/www.incibe.es\/sala-prensa\/notas-prensa\/incibe-lanza-el-017-el-nuevo-numero-corto-ayuda-ciberseguridad\" target=\"_blank\">017, nuevo n\u00famero corto de ayuda en ciberseguridad<\/a>. <\/p>\n\n\n\n<p>El Instituto Nacional de Ciberseguridad ha lanzado su nuevo n\u00famero corto de ayuda a la Ciberseguridad.<\/p>\n\n\n\n<p>Es una l\u00ednea gratuita y confidencial, de ayuda en casos de menores relacionados con tecnolog\u00eda (dependencia, ciberacoso\/bullying, sexting, dudas, prevenci\u00f3n, comportamiento&#8230;).&nbsp;<\/p>\n\n\n\n<p>Y no solo para menores: tambi\u00e9n para padres\/tutores y educadores (virus, contenidos inapropiados, privacidad\/identidad&#8230;)<\/p>\n\n\n\n<p>Puedes llamar para resolver tus dudas sobre ciberseguridad.<\/p>\n\n\n\n<p><strong>Un servicio gratuito y confidencial disponible los 365 d\u00edas del a\u00f1o de 9:00 y 21:00<\/strong>.<\/p>\n\n\n\n<h4 class=\"wp-block-heading\">is4k<\/h4>\n\n\n\n<p><a rel=\"noreferrer noopener\" aria-label=\"Internet Segura for Kids (se abre en una nueva pesta\u00f1a)\" href=\"https:\/\/www.is4k.es\" target=\"_blank\"><strong>Internet Segura for Kids<\/strong><\/a> es un sitio Web del INCIBE  en que podemos encontrar muchos recursos para sentirnos ciberseguros. No dejes de visitar su p\u00e1gina web.<\/p>\n\n\n\n<h4 class=\"wp-block-heading\">Delegaci\u00f3n de Participaci\u00f3n Ciudadana<\/h4>\n\n\n\n<p>Desde esta Delegaci\u00f3n de Participaci\u00f3n Ciudadana nos falicitan diverso material divulgativo, relacionado con \u00abInternet y Redes Sociales\u00bb, y tambi\u00e9n sobre \u00abJuegos on-line\u00bb, destinado tanto para los menores como para sus progenitores:<\/p>\n\n\n\n<ul class=\"wp-block-list\">\n<li><a rel=\"noreferrer noopener\" href=\"https:\/\/drive.google.com\/open?id=1UUympJVJwkX6Z6z4WmxtAJFLjkgVoi6G\" target=\"_blank\">Gu\u00eda de Aspaym<\/a><\/li>\n\n\n\n<li><a rel=\"noreferrer noopener\" href=\"https:\/\/drive.google.com\/open?id=1xUxkAaZeaNO6xr7Rmem7tT0IdDhuZS8f\" target=\"_blank\">Gu\u00eda de Ciberexpert@<\/a><\/li>\n\n\n\n<li><a href=\"https:\/\/drive.google.com\/open?id=1iDp8WpdoXuELDgzLULc50bHFpkH7ClpY\" target=\"_blank\" rel=\"noreferrer noopener\">Tr\u00edptico \u00abCon el deporte no se juega\u00bb<\/a><\/li>\n<\/ul>\n\n\n\n<h3 class=\"wp-block-heading\">Formaci\u00f3n Profesional<\/h3>\n\n\n\n<p>Desde la Direcci\u00f3n General de Juventud de la Comunidad de Madrid, aprovechando el marco de la Feria Virtual de Empleo de la Comunidad de Madrid que se acaba de celebrar y con el objetivo de mostrar a los j\u00f3venes madrile\u00f1os las oportunidades que ofrece la Formaci\u00f3n Profesional, se han elaborado tres v\u00eddeos que cuentan con testimonios de estudiantes y personal docente de este programa formativo<\/p>\n\n\n\n<p>Tu futuro comienza con la Formaci\u00f3n Profesional&nbsp;<a rel=\"noreferrer noopener\" href=\"https:\/\/youtu.be\/ZcnRYxU9b-k\" target=\"_blank\">https:\/\/youtu.be\/ZcnRYxU9b-k<\/a><\/p>\n\n\n\n<p>&nbsp;Tu primer empleo con la Formaci\u00f3n Profesional<a rel=\"noreferrer noopener\" href=\"https:\/\/youtu.be\/enS7VhK9NLQ\" target=\"_blank\">https:\/\/youtu.be\/enS7VhK9NLQ<\/a><\/p>\n\n\n\n<p>&nbsp;Tu salida laboral con la Formaci\u00f3n Profesional&nbsp;<a rel=\"noreferrer noopener\" href=\"https:\/\/youtu.be\/1SSg9lY03pM\" target=\"_blank\">https:\/\/youtu.be\/1SSg9lY03pM<\/a><\/p>\n\n\n\n<p>Os hacemos llegar esta informaci\u00f3n que esperamos sea de vuestro inter\u00e9s. Desde la Consejer\u00eda de Educaci\u00f3n y Juventud se considera importante destacar que la Formaci\u00f3n Profesional&nbsp;se ha convertido tanto en&nbsp;una alternativa de ense\u00f1anza de calidad y libre elecci\u00f3n a la formaci\u00f3n universitaria, como en un complemento<\/p>\n\n\n\n<div class=\"wp-block-group alignfull has-contrast-color has-text-color is-vertical is-content-justification-center is-layout-flex wp-container-core-group-is-layout-f306f087 wp-block-group-is-layout-flex\" style=\"min-height:40vh;margin-top:0;margin-bottom:0;padding-top:var(--wp--preset--spacing--60);padding-right:var(--wp--preset--spacing--50);padding-bottom:var(--wp--preset--spacing--60);padding-left:var(--wp--preset--spacing--50)\">\n<p class=\"has-text-align-center has-medium-font-size\">S\u00edguenos en las redes<\/p>\n\n\n\n<ul class=\"wp-block-social-links has-normal-icon-size is-style-logos-only is-nowrap is-layout-flex wp-container-core-social-links-is-layout-65900438 wp-block-social-links-is-layout-flex\"><li class=\"wp-social-link wp-social-link-facebook  wp-block-social-link\"><a href=\"\" class=\"wp-block-social-link-anchor\"><svg width=\"24\" height=\"24\" viewBox=\"0 0 24 24\" version=\"1.1\" xmlns=\"http:\/\/www.w3.org\/2000\/svg\" aria-hidden=\"true\" focusable=\"false\"><path d=\"M12 2C6.5 2 2 6.5 2 12c0 5 3.7 9.1 8.4 9.9v-7H7.9V12h2.5V9.8c0-2.5 1.5-3.9 3.8-3.9 1.1 0 2.2.2 2.2.2v2.5h-1.3c-1.2 0-1.6.8-1.6 1.6V12h2.8l-.4 2.9h-2.3v7C18.3 21.1 22 17 22 12c0-5.5-4.5-10-10-10z\"><\/path><\/svg><span class=\"wp-block-social-link-label screen-reader-text\">Facebook<\/span><\/a><\/li>\n\n<li class=\"wp-social-link wp-social-link-instagram  wp-block-social-link\"><a href=\"https:\/\/www.instagram.com\/ampasanisidro\/\" class=\"wp-block-social-link-anchor\"><svg width=\"24\" height=\"24\" viewBox=\"0 0 24 24\" version=\"1.1\" xmlns=\"http:\/\/www.w3.org\/2000\/svg\" aria-hidden=\"true\" focusable=\"false\"><path d=\"M12,4.622c2.403,0,2.688,0.009,3.637,0.052c0.877,0.04,1.354,0.187,1.671,0.31c0.42,0.163,0.72,0.358,1.035,0.673 c0.315,0.315,0.51,0.615,0.673,1.035c0.123,0.317,0.27,0.794,0.31,1.671c0.043,0.949,0.052,1.234,0.052,3.637 s-0.009,2.688-0.052,3.637c-0.04,0.877-0.187,1.354-0.31,1.671c-0.163,0.42-0.358,0.72-0.673,1.035 c-0.315,0.315-0.615,0.51-1.035,0.673c-0.317,0.123-0.794,0.27-1.671,0.31c-0.949,0.043-1.233,0.052-3.637,0.052 s-2.688-0.009-3.637-0.052c-0.877-0.04-1.354-0.187-1.671-0.31c-0.42-0.163-0.72-0.358-1.035-0.673 c-0.315-0.315-0.51-0.615-0.673-1.035c-0.123-0.317-0.27-0.794-0.31-1.671C4.631,14.688,4.622,14.403,4.622,12 s0.009-2.688,0.052-3.637c0.04-0.877,0.187-1.354,0.31-1.671c0.163-0.42,0.358-0.72,0.673-1.035 c0.315-0.315,0.615-0.51,1.035-0.673c0.317-0.123,0.794-0.27,1.671-0.31C9.312,4.631,9.597,4.622,12,4.622 M12,3 C9.556,3,9.249,3.01,8.289,3.054C7.331,3.098,6.677,3.25,6.105,3.472C5.513,3.702,5.011,4.01,4.511,4.511 c-0.5,0.5-0.808,1.002-1.038,1.594C3.25,6.677,3.098,7.331,3.054,8.289C3.01,9.249,3,9.556,3,12c0,2.444,0.01,2.751,0.054,3.711 c0.044,0.958,0.196,1.612,0.418,2.185c0.23,0.592,0.538,1.094,1.038,1.594c0.5,0.5,1.002,0.808,1.594,1.038 c0.572,0.222,1.227,0.375,2.185,0.418C9.249,20.99,9.556,21,12,21s2.751-0.01,3.711-0.054c0.958-0.044,1.612-0.196,2.185-0.418 c0.592-0.23,1.094-0.538,1.594-1.038c0.5-0.5,0.808-1.002,1.038-1.594c0.222-0.572,0.375-1.227,0.418-2.185 C20.99,14.751,21,14.444,21,12s-0.01-2.751-0.054-3.711c-0.044-0.958-0.196-1.612-0.418-2.185c-0.23-0.592-0.538-1.094-1.038-1.594 c-0.5-0.5-1.002-0.808-1.594-1.038c-0.572-0.222-1.227-0.375-2.185-0.418C14.751,3.01,14.444,3,12,3L12,3z M12,7.378 c-2.552,0-4.622,2.069-4.622,4.622S9.448,16.622,12,16.622s4.622-2.069,4.622-4.622S14.552,7.378,12,7.378z M12,15 c-1.657,0-3-1.343-3-3s1.343-3,3-3s3,1.343,3,3S13.657,15,12,15z M16.804,6.116c-0.596,0-1.08,0.484-1.08,1.08 s0.484,1.08,1.08,1.08c0.596,0,1.08-0.484,1.08-1.08S17.401,6.116,16.804,6.116z\"><\/path><\/svg><span class=\"wp-block-social-link-label screen-reader-text\">Instagram<\/span><\/a><\/li>\n\n<li class=\"wp-social-link wp-social-link-x  wp-block-social-link\"><a href=\"\" class=\"wp-block-social-link-anchor\"><svg width=\"24\" height=\"24\" viewBox=\"0 0 24 24\" version=\"1.1\" xmlns=\"http:\/\/www.w3.org\/2000\/svg\" aria-hidden=\"true\" focusable=\"false\"><path d=\"M13.982 10.622 20.54 3h-1.554l-5.693 6.618L8.745 3H3.5l6.876 10.007L3.5 21h1.554l6.012-6.989L15.868 21h5.245l-7.131-10.378Zm-2.128 2.474-.697-.997-5.543-7.93H8l4.474 6.4.697.996 5.815 8.318h-2.387l-4.745-6.787Z\" \/><\/svg><span class=\"wp-block-social-link-label screen-reader-text\">X<\/span><\/a><\/li>\n\n<li class=\"wp-social-link wp-social-link-whatsapp  wp-block-social-link\"><a href=\"https:\/\/whatsapp.com\/channel\/0029Vb76PN8JJhzaQvJJDH1T%20\" class=\"wp-block-social-link-anchor\"><svg width=\"24\" height=\"24\" viewBox=\"0 0 24 24\" version=\"1.1\" xmlns=\"http:\/\/www.w3.org\/2000\/svg\" aria-hidden=\"true\" focusable=\"false\"><path d=\"M 12.011719 2 C 6.5057187 2 2.0234844 6.478375 2.0214844 11.984375 C 2.0204844 13.744375 2.4814687 15.462563 3.3554688 16.976562 L 2 22 L 7.2324219 20.763672 C 8.6914219 21.559672 10.333859 21.977516 12.005859 21.978516 L 12.009766 21.978516 C 17.514766 21.978516 21.995047 17.499141 21.998047 11.994141 C 22.000047 9.3251406 20.962172 6.8157344 19.076172 4.9277344 C 17.190172 3.0407344 14.683719 2.001 12.011719 2 z M 12.009766 4 C 14.145766 4.001 16.153109 4.8337969 17.662109 6.3417969 C 19.171109 7.8517969 20.000047 9.8581875 19.998047 11.992188 C 19.996047 16.396187 16.413812 19.978516 12.007812 19.978516 C 10.674812 19.977516 9.3544062 19.642812 8.1914062 19.007812 L 7.5175781 18.640625 L 6.7734375 18.816406 L 4.8046875 19.28125 L 5.2851562 17.496094 L 5.5019531 16.695312 L 5.0878906 15.976562 C 4.3898906 14.768562 4.0204844 13.387375 4.0214844 11.984375 C 4.0234844 7.582375 7.6067656 4 12.009766 4 z M 8.4765625 7.375 C 8.3095625 7.375 8.0395469 7.4375 7.8105469 7.6875 C 7.5815469 7.9365 6.9355469 8.5395781 6.9355469 9.7675781 C 6.9355469 10.995578 7.8300781 12.182609 7.9550781 12.349609 C 8.0790781 12.515609 9.68175 15.115234 12.21875 16.115234 C 14.32675 16.946234 14.754891 16.782234 15.212891 16.740234 C 15.670891 16.699234 16.690438 16.137687 16.898438 15.554688 C 17.106437 14.971687 17.106922 14.470187 17.044922 14.367188 C 16.982922 14.263188 16.816406 14.201172 16.566406 14.076172 C 16.317406 13.951172 15.090328 13.348625 14.861328 13.265625 C 14.632328 13.182625 14.464828 13.140625 14.298828 13.390625 C 14.132828 13.640625 13.655766 14.201187 13.509766 14.367188 C 13.363766 14.534188 13.21875 14.556641 12.96875 14.431641 C 12.71875 14.305641 11.914938 14.041406 10.960938 13.191406 C 10.218937 12.530406 9.7182656 11.714844 9.5722656 11.464844 C 9.4272656 11.215844 9.5585938 11.079078 9.6835938 10.955078 C 9.7955938 10.843078 9.9316406 10.663578 10.056641 10.517578 C 10.180641 10.371578 10.223641 10.267562 10.306641 10.101562 C 10.389641 9.9355625 10.347156 9.7890625 10.285156 9.6640625 C 10.223156 9.5390625 9.737625 8.3065 9.515625 7.8125 C 9.328625 7.3975 9.131125 7.3878594 8.953125 7.3808594 C 8.808125 7.3748594 8.6425625 7.375 8.4765625 7.375 z\"><\/path><\/svg><span class=\"wp-block-social-link-label screen-reader-text\">WhatsApp<\/span><\/a><\/li>\n\n<li class=\"wp-social-link wp-social-link-telegram  wp-block-social-link\"><a href=\"https:\/\/t.me\/+uu0LjR_yiy84M2Jk\" class=\"wp-block-social-link-anchor\"><svg width=\"24\" height=\"24\" viewBox=\"0 0 128 128\" version=\"1.1\" xmlns=\"http:\/\/www.w3.org\/2000\/svg\" aria-hidden=\"true\" focusable=\"false\"><path d=\"M28.9700376,63.3244248 C47.6273373,55.1957357 60.0684594,49.8368063 66.2934036,47.2476366 C84.0668845,39.855031 87.7600616,38.5708563 90.1672227,38.528 C90.6966555,38.5191258 91.8804274,38.6503351 92.6472251,39.2725385 C93.294694,39.7979149 93.4728387,40.5076237 93.5580865,41.0057381 C93.6433345,41.5038525 93.7494885,42.63857 93.6651041,43.5252052 C92.7019529,53.6451182 88.5344133,78.2034783 86.4142057,89.5379542 C85.5170662,94.3339958 83.750571,95.9420841 82.0403991,96.0994568 C78.3237996,96.4414641 75.5015827,93.6432685 71.9018743,91.2836143 C66.2690414,87.5912212 63.0868492,85.2926952 57.6192095,81.6896017 C51.3004058,77.5256038 55.3966232,75.2369981 58.9976911,71.4967761 C59.9401076,70.5179421 76.3155302,55.6232293 76.6324771,54.2720454 C76.6721165,54.1030573 76.7089039,53.4731496 76.3346867,53.1405352 C75.9604695,52.8079208 75.4081573,52.921662 75.0095933,53.0121213 C74.444641,53.1403447 65.4461175,59.0880351 48.0140228,70.8551922 C45.4598218,72.6091037 43.1463059,73.4636682 41.0734751,73.4188859 C38.7883453,73.3695169 34.3926725,72.1268388 31.1249416,71.0646282 C27.1169366,69.7617838 23.931454,69.0729605 24.208838,66.8603276 C24.3533167,65.7078514 25.9403832,64.5292172 28.9700376,63.3244248 Z\" \/><\/svg><span class=\"wp-block-social-link-label screen-reader-text\">Telegram<\/span><\/a><\/li><\/ul>\n<\/div>\n","protected":false},"excerpt":{"rendered":"<p>En esta secci\u00f3n colgaremos documentaci\u00f3n que consideramos que es de inter\u00e9s general para todos vosotros. ESTATUTOS ASOCIACI\u00d3N \u00bfConoces cuales son los Estatutos de la Asociaci\u00f3n de Familias del IES San Isidro? Puedes consultarlo a trav\u00e9s de este enlace. Enlaces de inter\u00e9s Recursos del centro Justificante de ausencia Este es el modelo de justificante de ausencia [&hellip;]<\/p>\n","protected":false},"author":1,"featured_media":0,"parent":11,"menu_order":5,"comment_status":"closed","ping_status":"closed","template":"","meta":{"footnotes":""},"class_list":["post-20","page","type-page","status-publish","hentry"],"_links":{"self":[{"href":"https:\/\/www.ampasanisidro.com\/index.php\/wp-json\/wp\/v2\/pages\/20","targetHints":{"allow":["GET"]}}],"collection":[{"href":"https:\/\/www.ampasanisidro.com\/index.php\/wp-json\/wp\/v2\/pages"}],"about":[{"href":"https:\/\/www.ampasanisidro.com\/index.php\/wp-json\/wp\/v2\/types\/page"}],"author":[{"embeddable":true,"href":"https:\/\/www.ampasanisidro.com\/index.php\/wp-json\/wp\/v2\/users\/1"}],"replies":[{"embeddable":true,"href":"https:\/\/www.ampasanisidro.com\/index.php\/wp-json\/wp\/v2\/comments?post=20"}],"version-history":[{"count":6,"href":"https:\/\/www.ampasanisidro.com\/index.php\/wp-json\/wp\/v2\/pages\/20\/revisions"}],"predecessor-version":[{"id":385,"href":"https:\/\/www.ampasanisidro.com\/index.php\/wp-json\/wp\/v2\/pages\/20\/revisions\/385"}],"up":[{"embeddable":true,"href":"https:\/\/www.ampasanisidro.com\/index.php\/wp-json\/wp\/v2\/pages\/11"}],"wp:attachment":[{"href":"https:\/\/www.ampasanisidro.com\/index.php\/wp-json\/wp\/v2\/media?parent=20"}],"curies":[{"name":"wp","href":"https:\/\/api.w.org\/{rel}","templated":true}]}}